)?
-9
Evaluate -3 + (10 + (-3 - 2) - 3) + 3.
2
Calculate 22 - 41 - (-8 + -1 + 7).
-17
Calculate -9 - (-14 - (-3 - 7) - -3).
-8
-5 + 3 + (49 - 42)
5
What is 0 + 4 + (-22 - -44 - 46)?
-20
What is (1 - 24) + (-5 - -8) + (-169 - -167)?
-22
Calculate 2 + (6 - 4) + -17.
-13
Evaluate 12 - (-22 + (40 - -6)).
-12
What is (12 - (8 - -1)) + 8?
11
5 + 8 + -15 - 2
-4
-1 - ((-12 - -22) + (-8 - -2))
-5
What is the value of 8 + -7 - 4 - (-39 - -34)?
2
What is the value of -3 + 16 + -51 + 42 - -4?
8
Calculate 12 + -11 + -28 + 27.
0
What is the value of (444 - 426) + (-31 - 0)?
-13
Evaluate -116 + 117 + 7 + 1 + 0.
9
What is the value of 1 + -7 - (4 - (-14 + 25 + -3))?
-2
Calculate -13 + 20 + -32 + 17.
-8
Evaluate -29 + 2 + -43 + 64.
-6
What is the value of 17 + -5 + (-273 - -231)?
-30
(9 - 5) + 6 + -9 + -3 - 5
-7
Calculate 47 + (-1 - 0) - (33 + 132 + -156).
37
What is the value of (4 + -5 - -41) + (2 + -9 - 1)?
32
(-1 - (-5 + 5)) + -9 + 12
2
What is -9 - (-3 - 0 - (0 - -12 - 18))?
-12
Evaluate 868 + -867 - (0 + 17).
-16
Evaluate 25 + -20 + -27 + 6.
-16
Evaluate -33 + (84 - 8) + -26.
17
What is (32 - 35) + (-4 - 2)?
-9
What is -7 - -5 - (-1 - 2 - (-9 + 5))?
-3
What is ((5 - 4) + 2 - 5) + 6?
4
-15 + (11 + -2 - 0) - 5 - -43
32
Calculate 7 + -10 + 5 + (-8 - -4).
-2
What is -16 + 6 + 7 + (-4 - (2 + -3))?
-6
What is (2 - 0) + -5 + 10 - -6 - -2?
15
Evaluate -60 + (55 - 6) + -3 + 1.
-13
Calculate 7 + (19 - 48 - -17).
-5
What is 9 + 3 + 14 + -3 + -26?
-3
8 - 0 - (413 + -396)
-9
Evaluate -12 - ((2 - 1) + 7 + 0 + -13).
-7
2 + (5 - (-8 - (-1 + 4 + -9)))
9
Calculate -1 + -36 + (2 - -29).
-6
What is -7 - (-10 - (-26 - (9 + -15 + -4)))?
-13
What is the value of -11 - -10 - 5 - ((-3 - -12) + 5)?
-20
-81 + 84 + -4 + -7
-8
-10 + 18 + (4 - (4 + 9))
-1
-25 + 39 + (-1 - 8)
5
Evaluate -7 + (8 + 4 + -8 - 12) + 7.
-8
-341 - -315 - (-26 - 0)
0
Calculate (7 - (16 + -11)) + 4.
6
What is the value of -17 - (-29 - (3 + 3 + -16))?
2
Calculate 3 - (((2 - -2) + 8 - 3) + -8).
2
What is 0 + 14 - 12 - (2 + 6) - -6?
0
What is the value of (2 - 11 - 2) + (-465 - -506)?
30
Calculate -7 - ((13 + -8 - 6) + 13).
-19
Evaluate (-2 + -24 - -3) + (10 - 0).
-13
5 + 3 - 32 - -30
6
What is -18 - -13 - (15 - (-18 + 37))?
-1
Evaluate -90 + 122 - (38 - 8).
2
Evaluate (-22 - (-12 - 5)) + 10 + 3.
8
What is the value of 17 + 2 - (44 + -34 + 8)?
1
(4 - 0) + (-13 - -16)
7
What is the value of 18 + (-4 - -6) + -32?
-12
Evaluate 26 + (-7 - (24 - 15)).
10
Evaluate -4 - 0 - (-36 - (24 + -47)).
9
What is the value of -3 + -3 + 1 + (-116 - -121)?
0
Calculate -39 - (4 - 23) - -34.
14
What is the value of (8 + -6 - (-1 - -6)) + -221 + 190?
-34
What is the value of (-101 - -94) + -3 + -1 + 0?
-11
What is the value of (-5 - 3) + 3 + -53 + 54?
-4
Calculate (0 + -11 - 1) + (6 - 4).
-10
Evaluate -258 + 277 - (-1 + 5).
15
(-1 - 7 - -5) + 1 + -9
-11
Calculate 36 + -55 + (5 - -28).
14
What is the value of (-5 - (-13 + 7)) + -19?
-18
What is (1 - -1) + (-12 - -17) + -10?
-3
What is the value of 3 - (9 + -21 + -1 - -6)?
10
What is the value of 6 + -3 + 9 + -22?
-10
What is the value of 6 + (-20 - -5) - (2 + -5)?
-6
2 + 4 - ((-2 - -3) + -4 + -4)
13
2 + -3 - (3 - 6 - (11 - 21))
-8
Calculate (103 - 72) + -55 + -4.
-28
What is -3 - (-15 + 6 - (-2 + 8))?
12
Evaluate 4 + -20 + (4 - (-8 + (11 - 5))).
-10
What is the value of 5 - ((-5 - -13) + (-18 - -1) - -15)?
-1
What is -12 - ((-2 - 26) + (3 - 0))?
13
Evaluate -4 + -5 + 6 + -29 + 19.
-13
Calculate -1 + 1 + 1 - 0 - -8.
9
What is 2 + 1 - (27 - (3 - -8))?
-13
What is the value of 26 + (-10 - -1) - 5?
12
1 + 5 + 22 + -27 + (23 - 8)
16
Calculate 6 + -4 + -9 + (5 + -1 - 4).
-7
Evaluate -2 - 1 - (-31 - -18 - 3).
13
Evaluate 7 + -25 + -16 + 16 + 16.
-2
Evaluate (-1 - -1) + (80 - 95).
-15
2 + 9 + -312 + 308
7
What is the value of (-25 - -4) + 13 + -2 + -3 + -12?
-25
Evaluate -15 + 1 + -3 + -8 + 18.
-7
What is 11 - (-2 + (2 - -8 - (22 - 10)))?
15
(-34 - (-18 + -2)) + -6 + 2
-18
Calculate (3 - ((4 - 1) + -5) - 4) + -3.
-2
Calculate 6 - 3 - (6 - 37 - -56).
-22
21 + (-5 - 17) - (8 - (-1 - -4))
-6
What is -36 + (-17 + 64 - 15)?
-4
Evaluate (10 - 3) + -6 + (11 - 3 - 11).
-2
Evaluate 8 - 22 - (-31 - -10).
7
Evaluate 33 + (29 + 9 - 53).
18
What is 64 - (29 - (-26 + 15))?
24
-3 - 1 - (-21 - (2 - (-14 + 27)))
6
Evaluate -3 + -12 + (-5 + 8 - 6).
-18
What is (7 - 18 - -5) + 8 - (-9 + 1)?
10
What is (-18 - (-34 - -23)) + (1 - 1) + 13?
6
What is (-4 - (-3 - -7)) + -31 + 25?
-14
What is -29 + 59 - 34 - (5 - 0 - 1)?
-8
What is (-33 - -37) + 8 + -4 + -2 + 5?
11
What is 10 + (-45 - -17) + -5 + 15?
-8
Calculate (-6 + 6 + -4 - -11) + 0.
7
What is 26 + -4 + 2 + -3 + (133 - 123)?
31
What is 30 + -35 - (9 - -1 - (11 + -8))?
-12
What is -33 - (-61 + 33) - (-1 - (-1 + -4))?
-9
Calculate (-7 - (-6 - 7)) + 0 - -3.
9
8 + (9 - -2) - -7 - (-3 + 8)
21
What is 22 - (-2 + 18) - 10 - (-3 - -1)?
-2
What is the value of -3 + -4 - ((0 - 2) + 0 + -6)?
1
10 - (-16 - -6 - (-30 + -4))
-14
Evaluate -5 + (1 - -8 - 2) + (-1 - -1).
2
Evaluate -13 + (-4 + 9 - 0 - 6) + 7.
-7
What is 4 + -6 + 3 + -3 + (9 - 5)?
2
What is 7 - 2 - (2 + 2 + -4 + 3)?
2
42 + -86 + 46 + (-1 - 3)
-2
What is -11 + (2 - 11 - -10) - -9?
-1
Evaluate (7 - 14) + (7 + -4 + -5 - 3).
-12
23 - (-11 + (6 - -15))
13
18 + (-20 - (-25 - -41))
-18
What is the value of 1 - 5 - (67 - 80)?
9
What is 22 + 43 + -77 - (5 - 0)?
-17
Evaluate (-86 - -93) + (6 - -9).
22
Calculate (-6 + 7 - -9) + -11.
-1
Evaluate 7 + 5 + (-11 - (-4 + 0) - 14).
-9
Calculate 2 + -7 + (-17 - 6) + (1 - 1).
-28
2 + 6 + -2 + -8 + (0 - -9)
7
Evaluate 181 + -185 - ((-15 - -1) + (-2 - 0)).
12
Calculate -586 + 594 + (1 - -9).
18
What is the value of 0 - -3 - (152 - 152)?
3
What is 17 - (16 - -8 - 18)?
11
0 + 29 - (-36 + 25 - -9)
31
Calculate (8 - -4) + (-32 + 31 - (1 + 5)).
5
What is the value of -43 - (-29 + 28 + -38)?
-4
Calculate 2 - (4 - 3 - -3).
-2
Calculate (5 + -9 - -9) + 9 + 0.
14
What is 4 + (-4 - (32 - 18))?
-14
Evaluate 106 - 104 - (17 + 0).
-15
Calculate 5 + 1 + 3 + (-7 - (4 + -5)).
3
Calculate 9 + (-14 - 2) + 17.
10
20 + (-14 - (1 + -6))
11
What is 2289 + -2248 - (43 - 1)?
-1
What is 19 + (1 + -3 - (-99 + 99)) + -1?
16
Calculate -9 + (-11 - (-20 + -34 - (-11 - -1))).
24
Calculate 183 + -203 - (1 + -15).
-6
Calculate -1 + 22 + -5 + 1 - (-4 - -6).
15
-10 - (-3 + 0 - (-1 - -5))
-3
Calculate 7 - ((23 - 1) + 1 + 46 + -38).
-24
-18 + (10 + -16 - 4) + 7
-21
What is the value of (1 - -49) + (-13 - (-24 - -24))?
37
What is 43 - (-35 + 36 + 6 + -2 + 5)?
33
-3 + (-1 - -9) + (-62 - -61) + 26
30
Evaluate 12 + -10 - (-3 - -4 - 1).
2
What is (0 + 2 + 4 - (3 + -5)) + 1?
9
What is -11 + (24 - 9) + 8 - 3?
9
What is -1 - -2 - (28 - 35 - (-5 + -1))?
2
What is -1 + (15 - (36 - 15)) + 6 + 0?
-1
What is the value of 5 + (-14 - -19) + 4 - (1 - -9)?
4
Evaluate 8 + (2 - 12 - (20 + -19)).
-3
What is the value of 11 + -1 - 4 - 1 - 4?
1
What is 2 + (-7 - 0 - -3) + 4 + 2?
4
What is -15 - (5 + 5) - -23?
-2
Calculate 17 - (-11 - -3) - 14.
11
Calculate -29 + 29 - ((-6 - -47) + -4).
-37
What is -4 + 1 - (-27 - (-29 - -3))?
-2
-3 + -15 + 3 + 23 + 7
15
What is the value of (2 + -2 - -8 - 8) + 6?
6
Evaluate -6 + 1 + (8 - (1 + 18 + 5)).
-21
What is the value of -2 - -1 - (-27 - -6 - -16)?
4
Evaluate (-22 - -22 - (-2 + (1 - 1))) + 7.
9
Evaluate (-45 - -18) + 12 + 3.
-12
What is 35 + -4 + -9 + -11?
11
-10 + 13 - (-5 + 10)
-2
What is 32 + -33 + -45 + 27?
-19
Evaluate 1093 - 1066 - (2 + 53).
-28
Calculate (5 - 2) + 2 + (0 - (5 - 8)).
8
Calculate -1 - 0 - (17 - (12 - 2)).
-8
9 + 23 + (-15 - 12)
5
What is 6 + (9 + -1 - (-15 + -3 + 17))?
15
What is the value of (-14 - -8) + 2 + (2 - 0) + 4?
2
(-37 - (-11 + 5)) + -20 + -12 + 29
-34
What is (-46 - -26) + 38 + -1?
17
10 + (-14 - -27) + -8
15
What is the value of 1 + (2 - 4) + -4 + -6?
-11
-1 + (44 + -56 - (-2 + -6))
-5
What is the value of (-1 - 0 - -1) + -9 + 496 + -466?
21
9 - 0 - (30 - (45 + 2))
26
Evaluate 5 + (-7 - -2) + -3.
-3
Calculate -11 - -12 - ((3 - 7) + 2).
3
-11 - (1 + -7 - (2 + (-2 - 9)))
-14
What is the value of 8 - 47 - (10 + -27)?
-22
Evaluate (4 - -16) + (-25 - (8 - 39)).
26
1 + 13 + 15 - 18
11
Evaluate 6 + (-11 - -3 - (1 - -3)).
-6
Calculate (-9 - -4) + 6 + -38 + (-46 - -53).
-30
Calculate (56 - 57) + (34 - 12).
21
-11 - (-8 - (-10 + 6))
-7
Calculate 17 - ((2 - 2) + -20 + 26).
11
C